{"id":298,"date":"2025-05-09T20:33:47","date_gmt":"2025-05-09T18:33:47","guid":{"rendered":"https:\/\/mrgspzoo.pl\/?page_id=298"},"modified":"2025-05-09T20:34:52","modified_gmt":"2025-05-09T18:34:52","slug":"kariera","status":"publish","type":"page","link":"https:\/\/mrgspzoo.pl\/?page_id=298","title":{"rendered":"KARIERA"},"content":{"rendered":"\n<p><\/p>\n\n\n\n<h3 class=\"wp-block-heading\">Do\u0142\u0105cz do naszej ekipy!<\/h3>\n\n\n\n<p>Szukasz stabilnej pracy w bran\u017cy budowlanej? Chcesz mie\u0107 pewno\u015b\u0107 terminowej wyp\u0142aty, dobrej atmosfery i realnych mo\u017cliwo\u015bci rozwoju? W MRG wiemy, \u017ce sukces zaczyna si\u0119 od ludzi \u2013 dlatego budujemy silny zesp\u00f3\u0142 fachowc\u00f3w i specjalist\u00f3w.<\/p>\n\n\n\n<hr class=\"wp-block-separator has-alpha-channel-opacity\"\/>\n\n\n\n<h3 class=\"wp-block-heading\">Jak aplikowa\u0107?<\/h3>\n\n\n\n<p>\ud83d\udce7 <strong>Wy\u015blij swoje CV lub zg\u0142oszenie na:<\/strong><br>\ud83d\udce8 r.zadrozny.mrg@gmail.com<br>\ud83d\udcce W tytule wiadomo\u015bci wpisz nazw\u0119 stanowiska.<\/p>\n\n\n\n<p><br>\ud83d\udc49 Je\u015bli nie masz CV \u2013 wystarczy napisa\u0107 kilka s\u0142\u00f3w o sobie, do\u015bwiadczeniu i numer telefonu.<\/p>\n\n\n\n<hr class=\"wp-block-separator has-alpha-channel-opacity\"\/>\n\n\n\n<h3 class=\"wp-block-heading\">Jak wygl\u0105da proces rekrutacji?<\/h3>\n\n\n\n<ol class=\"wp-block-list\">\n<li><strong>Kontakt telefoniczny lub mailowy<\/strong> \u2013 odpowiadamy na ka\u017cde zg\u0142oszenie.<\/li>\n\n\n\n<li><strong>Spotkanie lub rozmowa online<\/strong> \u2013 poznajemy si\u0119 i omawiamy warunki wsp\u00f3\u0142pracy.<\/li>\n<\/ol>\n","protected":false},"excerpt":{"rendered":"<p>Do\u0142\u0105cz do naszej ekipy! Szukasz stabilnej pracy w bran\u017cy budowlanej? Chcesz mie\u0107 pewno\u015b\u0107 terminowej wyp\u0142aty, dobrej atmosfery i realnych mo\u017cliwo\u015bci rozwoju? W MRG wiemy, \u017ce sukces zaczyna si\u0119 od ludzi \u2013 dlatego budujemy silny zesp\u00f3\u0142 fachowc\u00f3w i specjalist\u00f3w. Jak aplikowa\u0107? \ud83d\udce7 Wy\u015blij swoje CV lub zg\u0142oszenie na:\ud83d\udce8 r.zadrozny.mrg@gmail.com\ud83d\udcce W tytule wiadomo\u015bci wpisz nazw\u0119 stanowiska. \ud83d\udc49 [&hellip;]<\/p>\n","protected":false},"author":1,"featured_media":0,"parent":0,"menu_order":0,"comment_status":"closed","ping_status":"closed","template":"","meta":{"footnotes":""},"class_list":["post-298","page","type-page","status-publish","hentry"],"yoast_head":"<!-- This site is optimized with the Yoast SEO plugin v24.4 - https:\/\/yoast.com\/wordpress\/plugins\/seo\/ -->\n<title>KARIERA - MRG Sp. z.o.o - Pomorskie Us\u0142ugi Budowlane<\/title>\n<meta name=\"robots\" content=\"index, follow, max-snippet:-1, max-image-preview:large, max-video-preview:-1\" \/>\n<link rel=\"canonical\" href=\"https:\/\/mrgspzoo.pl\/?page_id=298\" \/>\n<meta property=\"og:locale\" content=\"pl_PL\" \/>\n<meta property=\"og:type\" content=\"article\" \/>\n<meta property=\"og:title\" content=\"KARIERA - MRG Sp. z.o.o - Pomorskie Us\u0142ugi Budowlane\" \/>\n<meta property=\"og:description\" content=\"Do\u0142\u0105cz do naszej ekipy! Szukasz stabilnej pracy w bran\u017cy budowlanej? Chcesz mie\u0107 pewno\u015b\u0107 terminowej wyp\u0142aty, dobrej atmosfery i realnych mo\u017cliwo\u015bci rozwoju? W MRG wiemy, \u017ce sukces zaczyna si\u0119 od ludzi \u2013 dlatego budujemy silny zesp\u00f3\u0142 fachowc\u00f3w i specjalist\u00f3w. Jak aplikowa\u0107? \ud83d\udce7 Wy\u015blij swoje CV lub zg\u0142oszenie na:\ud83d\udce8 r.zadrozny.mrg@gmail.com\ud83d\udcce W tytule wiadomo\u015bci wpisz nazw\u0119 stanowiska. \ud83d\udc49 [&hellip;]\" \/>\n<meta property=\"og:url\" content=\"https:\/\/mrgspzoo.pl\/?page_id=298\" \/>\n<meta property=\"og:site_name\" content=\"MRG Sp. z.o.o - Pomorskie Us\u0142ugi Budowlane\" \/>\n<meta property=\"article:modified_time\" content=\"2025-05-09T18:34:52+00:00\" \/>\n<meta name=\"twitter:card\" content=\"summary_large_image\" \/>\n<meta name=\"twitter:label1\" content=\"Szacowany czas czytania\" \/>\n\t<meta name=\"twitter:data1\" content=\"1 minuta\" \/>\n<script type=\"application\/ld+json\" class=\"yoast-schema-graph\">{\"@context\":\"https:\/\/schema.org\",\"@graph\":[{\"@type\":\"WebPage\",\"@id\":\"https:\/\/mrgspzoo.pl\/?page_id=298\",\"url\":\"https:\/\/mrgspzoo.pl\/?page_id=298\",\"name\":\"KARIERA - MRG Sp. z.o.o - Pomorskie Us\u0142ugi Budowlane\",\"isPartOf\":{\"@id\":\"https:\/\/mrgspzoo.pl\/#website\"},\"datePublished\":\"2025-05-09T18:33:47+00:00\",\"dateModified\":\"2025-05-09T18:34:52+00:00\",\"breadcrumb\":{\"@id\":\"https:\/\/mrgspzoo.pl\/?page_id=298#breadcrumb\"},\"inLanguage\":\"pl-PL\",\"potentialAction\":[{\"@type\":\"ReadAction\",\"target\":[\"https:\/\/mrgspzoo.pl\/?page_id=298\"]}]},{\"@type\":\"BreadcrumbList\",\"@id\":\"https:\/\/mrgspzoo.pl\/?page_id=298#breadcrumb\",\"itemListElement\":[{\"@type\":\"ListItem\",\"position\":1,\"name\":\"Home\",\"item\":\"https:\/\/mrgspzoo.pl\/\"},{\"@type\":\"ListItem\",\"position\":2,\"name\":\"KARIERA\"}]},{\"@type\":\"WebSite\",\"@id\":\"https:\/\/mrgspzoo.pl\/#website\",\"url\":\"https:\/\/mrgspzoo.pl\/\",\"name\":\"MRG Sp. z.o.o - Pomorskie Us\u0142ugi Budowlane\",\"description\":\"Roboty ziemne, Stabilizacja gruntu, Zag\u0119szczanie dynamiczne i impulsowe, Transport materia\u0142\u00f3w sypkich, Wynajem sprz\u0119tu: wywrotki, koparki, \u0142adowarki, spycharki, wozid\u0142a, walce, recyklery, siewki do cementu, walce dynamiczne RDC, urz\u0105dzenie do zag\u0119szczania impulsowego.\",\"potentialAction\":[{\"@type\":\"SearchAction\",\"target\":{\"@type\":\"EntryPoint\",\"urlTemplate\":\"https:\/\/mrgspzoo.pl\/?s={search_term_string}\"},\"query-input\":{\"@type\":\"PropertyValueSpecification\",\"valueRequired\":true,\"valueName\":\"search_term_string\"}}],\"inLanguage\":\"pl-PL\"}]}<\/script>\n<!-- \/ Yoast SEO plugin. -->","yoast_head_json":{"title":"KARIERA - MRG Sp. z.o.o - Pomorskie Us\u0142ugi Budowlane","robots":{"index":"index","follow":"follow","max-snippet":"max-snippet:-1","max-image-preview":"max-image-preview:large","max-video-preview":"max-video-preview:-1"},"canonical":"https:\/\/mrgspzoo.pl\/?page_id=298","og_locale":"pl_PL","og_type":"article","og_title":"KARIERA - MRG Sp. z.o.o - Pomorskie Us\u0142ugi Budowlane","og_description":"Do\u0142\u0105cz do naszej ekipy! Szukasz stabilnej pracy w bran\u017cy budowlanej? Chcesz mie\u0107 pewno\u015b\u0107 terminowej wyp\u0142aty, dobrej atmosfery i realnych mo\u017cliwo\u015bci rozwoju? W MRG wiemy, \u017ce sukces zaczyna si\u0119 od ludzi \u2013 dlatego budujemy silny zesp\u00f3\u0142 fachowc\u00f3w i specjalist\u00f3w. Jak aplikowa\u0107? \ud83d\udce7 Wy\u015blij swoje CV lub zg\u0142oszenie na:\ud83d\udce8 r.zadrozny.mrg@gmail.com\ud83d\udcce W tytule wiadomo\u015bci wpisz nazw\u0119 stanowiska. \ud83d\udc49 [&hellip;]","og_url":"https:\/\/mrgspzoo.pl\/?page_id=298","og_site_name":"MRG Sp. z.o.o - Pomorskie Us\u0142ugi Budowlane","article_modified_time":"2025-05-09T18:34:52+00:00","twitter_card":"summary_large_image","twitter_misc":{"Szacowany czas czytania":"1 minuta"},"schema":{"@context":"https:\/\/schema.org","@graph":[{"@type":"WebPage","@id":"https:\/\/mrgspzoo.pl\/?page_id=298","url":"https:\/\/mrgspzoo.pl\/?page_id=298","name":"KARIERA - MRG Sp. z.o.o - Pomorskie Us\u0142ugi Budowlane","isPartOf":{"@id":"https:\/\/mrgspzoo.pl\/#website"},"datePublished":"2025-05-09T18:33:47+00:00","dateModified":"2025-05-09T18:34:52+00:00","breadcrumb":{"@id":"https:\/\/mrgspzoo.pl\/?page_id=298#breadcrumb"},"inLanguage":"pl-PL","potentialAction":[{"@type":"ReadAction","target":["https:\/\/mrgspzoo.pl\/?page_id=298"]}]},{"@type":"BreadcrumbList","@id":"https:\/\/mrgspzoo.pl\/?page_id=298#breadcrumb","itemListElement":[{"@type":"ListItem","position":1,"name":"Home","item":"https:\/\/mrgspzoo.pl\/"},{"@type":"ListItem","position":2,"name":"KARIERA"}]},{"@type":"WebSite","@id":"https:\/\/mrgspzoo.pl\/#website","url":"https:\/\/mrgspzoo.pl\/","name":"MRG Sp. z.o.o - Pomorskie Us\u0142ugi Budowlane","description":"Roboty ziemne, Stabilizacja gruntu, Zag\u0119szczanie dynamiczne i impulsowe, Transport materia\u0142\u00f3w sypkich, Wynajem sprz\u0119tu: wywrotki, koparki, \u0142adowarki, spycharki, wozid\u0142a, walce, recyklery, siewki do cementu, walce dynamiczne RDC, urz\u0105dzenie do zag\u0119szczania impulsowego.","potentialAction":[{"@type":"SearchAction","target":{"@type":"EntryPoint","urlTemplate":"https:\/\/mrgspzoo.pl\/?s={search_term_string}"},"query-input":{"@type":"PropertyValueSpecification","valueRequired":true,"valueName":"search_term_string"}}],"inLanguage":"pl-PL"}]}},"_links":{"self":[{"href":"https:\/\/mrgspzoo.pl\/index.php?rest_route=\/wp\/v2\/pages\/298","targetHints":{"allow":["GET"]}}],"collection":[{"href":"https:\/\/mrgspzoo.pl\/index.php?rest_route=\/wp\/v2\/pages"}],"about":[{"href":"https:\/\/mrgspzoo.pl\/index.php?rest_route=\/wp\/v2\/types\/page"}],"author":[{"embeddable":true,"href":"https:\/\/mrgspzoo.pl\/index.php?rest_route=\/wp\/v2\/users\/1"}],"replies":[{"embeddable":true,"href":"https:\/\/mrgspzoo.pl\/index.php?rest_route=%2Fwp%2Fv2%2Fcomments&post=298"}],"version-history":[{"count":1,"href":"https:\/\/mrgspzoo.pl\/index.php?rest_route=\/wp\/v2\/pages\/298\/revisions"}],"predecessor-version":[{"id":299,"href":"https:\/\/mrgspzoo.pl\/index.php?rest_route=\/wp\/v2\/pages\/298\/revisions\/299"}],"wp:attachment":[{"href":"https:\/\/mrgspzoo.pl\/index.php?rest_route=%2Fwp%2Fv2%2Fmedia&parent=298"}],"curies":[{"name":"wp","href":"https:\/\/api.w.org\/{rel}","templated":true}]}}